 is the units digit of (78/(-5))/(7/((-105)/q))?
7
Let x = -62 + 61. Let b = x - -57. What is the tens digit of b?
5
Let b = -12 - -11. Let l(c) = -92*c + 1. Let g be l(b). Suppose 0*k + g = 3*k. What is the units digit of k?
1
Let m = -8 + 11. Let x(i) = 70*i + 70*i - 2 - 137*i. What is the units digit of x(m)?
7
Let s(m) = -m**3 + 2*m**2 + 2. Let o be s(2). Suppose 0 = -6*n + o*n + 12. Suppose -2*z = n*z - 95. What is the tens digit of z?
1
Let b = -159 - -237. Let w = b - 41. What is the tens digit of w?
3
Suppose -v = 5*u + 2*v - 34, 5*u - 31 = -2*v. Let t = 6 + u. What is the units digit of t?
1
Let f(u) be the third derivative of 47*u**4/24 - 5*u**3/6 - 26*u**2. What is the hundreds digit of f(5)?
2
Suppose -16 = -2*t - l + 5*l, 5*t + 35 = -5*l. Let k(u) = 11*u + 2. Let g be k(t). What is the units digit of (-32)/(-5) - (-8)/g?
6
What is the units digit of 103862/33 - ((-2)/3)/(-2)?
7
Let t(v) = -185*v + 422. What is the units digit of t(-17)?
7
Suppose -7*q + 2*q - 105 = 0. Let j = q - -25. What is the units digit of j?
4
Let z(j) = -j**2 + 8*j. Let b(h) = 25*h**2 - 2*h + 1. Let v be b(1). Suppose -4*d = 3*f - 24, -v = -2*d - 2*d + 3*f. What is the units digit of z(d)?
2
Let u = -124 - -451. What is the units digit of u?
7
Let q = 14 - 11. Suppose -q*v = -5*p + 25, -5*p + 0*p = 5*v + 15. Suppose 0 = -2*z - f + 10, -p*f + 2 = -3*z + 24. What is the units digit of z?
6
Suppose -4*t = -w + 23, 2*w - 2 = -4*t + 8. Let m = 105 + w. What is the units digit of m?
6
Let r(b) = -105*b + 77. Let g(a) = -8*a + 6. Let d(t) = 77*g(t) - 6*r(t). What is the units digit of d(5)?
0
Let y be 4/(-14) + 114/7. Let t = y - -3. What is the tens digit of t?
1
Let f be 11/(11/(-6))*-14. Suppose 3*s - f = s. What is the units digit of s?
2
Let v be (-2)/11 + 1107/99. Let q = -15 + v. Let x = q - -19. What is the units digit of x?
5
Suppose -2*g = -z + 536, -4*z + 2*g = -1046 - 1104. What is the hundreds digit of z?
5
Suppose -5*p - 8 = 4*g, 3*g + 6*p + 11 = p. Suppose -g*j = -8 - 478. What is the tens digit of j?
6
Let i = -1290 + 1900. What is the units digit of i?
0
Suppose -3*r - 744 = -3*n, 57 - 285 = -n + 5*r. What is the hundreds digit of n?
2
Let t(a) = a**2 + 12*a - 27. Let j be t(-14). What is the hundreds digit of 63*((-21)/(-9))/j?
1
Let o = 291 + -39. Let j = 12 - 7. Suppose 0 = -j*m + 68 + o. What is the units digit of m?
4
Suppose -2*x + 0*m - m - 401 = 0, 1003 = -5*x - 2*m. Let v = 286 + x. What is the tens digit of v?
8
Let w(i) = i**2 + 10*i + 5. Let b be w(-11). Suppose 0 = 5*s - s + b. What is the units digit of 15/(s/(1*-4))?
5
Let h(l) = -2*l**3 - 3*l**2 + 8*l - 8. Let d(m) = -m**3 + m**2 - m + 1. Let a(j) = -3*d(j) + h(j). What is the hundreds digit of a(7)?
1
Let f = 5 - -2. Let y(j) = -j**3 + 9*j**2 - j + 9. Let d be y(f). Suppose -a + d = a. What is the tens digit of a?
5
Let h = 924 + -506. What is the tens digit of h?
1
Let x = -25 - -35. Let v be (6 - 1)/(11 - x). Suppose -240 = -v*t - t. What is the tens digit of t?
4
Suppose 0 = -8*a - 2*a + 5*a. Suppose -5*k + 77 + 248 = a. What is the units digit of k?
5
Let c = -15 - -18. Suppose 197 = c*m + 14. What is the tens digit of m?
6
What is the units digit of (2 - -1370 - 3) + (11 - 13)?
7
Let o(m) = 1782*m**2 + 5 - 1781*m**2 + 7 + 8*m - 1. What is the units digit of o(-16)?
9
Let x(q) = -7*q. Let b be x(-5). Suppose -b = -7*p - 0*p. Suppose 90 = p*k - 80. What is the units digit of k?
4
Suppose g + 4*i - 20 = 3*g, -3*i = 4*g - 15. Suppose 16*y - 14*y - 180 = g. Suppose y = 5*p - 2*p. What is the tens digit of p?
3
Suppose -d + 33 = -0*d. Let n be (-1)/3 - (-50798)/d. What is the tens digit of n/9*1/3?
5
Let f = 42 - 20. Suppose 6*k - 20 = f. What is the units digit of k?
7
Suppose 3*f = -f + 48. Suppose 2*o = 30 - f. What is the units digit of o?
9
Let r be (3/2)/((-15)/(-30)). Suppose r*a = a - 56. Let u = 30 + a. What is the units digit of u?
2
Let k(a) = 2*a**2 - 54. Suppose 4*t + 51 - 15 = 0. What is the tens digit of k(t)?
0
Suppose 0 = 3*y + q + 206, -3*q = 4*y + 2*q + 271. Let d = -21 - y. What is the tens digit of d?
4
What is the thousands digit of (-75)/300 - (9842/(-8) + -2)?
1
Let h(p) = p**2 + 8*p + 5. Let u be h(-11). Let m = 95 - u. What is the tens digit of m?
5
Let t(h) = -785*h**3 - 3*h**2 - h + 1. What is the hundreds digit of t(-1)?
7
Let h(q) = q**3 + 7*q**2 + 4*q. Let s be h(-3). Suppose -4*l + 9*i = 4*i - 25, -2*l - 5*i = 25. Suppose -c + s = -l*c. What is the units digit of c?
4
Suppose -4*k - 4*v + 12 = -v, -4*k + 8 = 2*v. Suppose k = 8*c - 13*c + 480. What is the units digit of c?
6
Let u(o) = -o**2 + 6*o + 3. Let r be u(6). Suppose -10*x = -r*x - 567. What is the units digit of x?
1
Suppose 2045 = 16*j - 5347. What is the hundreds digit of j?
4
Suppose -j + 16 = j. Let x(r) = -r**3 + 9*r**2 - 8*r - 4. Let m be x(j). What is the tens digit of m/(-6)*(-36)/(-1)?
2
Let l = -20 + 23. Let d be 13/l*72/2. Suppose -x - d = -4*x. What is the tens digit of x?
5
Let q(y) = y + 36 - y**3 - 2*y - 3*y**2 + 4*y**2 + 0*y**3. What is the units digit of q(0)?
6
Suppose 8*k = 2200 + 5880. What is the tens digit of k?
1
Let w = -60 - -64. Suppose 0*x + w*x = 120. What is the tens digit of x?
3
Let l = -32 - 72. Let z = -99 - l. What is the units digit of z?
5
Suppose 3*n - 2*r = -0*n + 2931, -3*n - 2*r = -2943. Suppose 16*w - 27*w + n = 0. What is the tens digit of w?
8
Let x(v) = -3*v**3 - 4*v**2 + v - 1. Let c be x(-3). Let s = 106 - c. Let i = s + -24. What is the units digit of i?
1
Let q(g) be the first derivative of -g**3/3 + 11*g + 3. Let r(d) = -2*d + 8. Let k be r(4). What is the units digit of q(k)?
1
What is the tens digit of (1750/4)/(-5 + (-33)/(-6))?
7
Let a(q) = -3*q**2 + 27*q + 5. Let f(m) = -6*m**2 + 55*m + 11. Let p(n) = -11*a(n) + 6*f(n). What is the units digit of p(8)?
3
Let f(q) = q**2 + q - 1. Let n(d) = -37*d**3 - 3*d + 2. Let t(s) = -f(s) - n(s). Suppose 2*k - 2 + 0 = 0. What is the tens digit of t(k)?
3
Let b = 496 + -282. What is the tens digit of b?
1
Suppose 5*a - 1136 - 976 = -4*n, a = 2*n - 1042. What is the units digit of n?
3
Let h(o) = o + 1. Let p(z) = 26*z - 2. Let f(i) = -2*h(i) + p(i). Let b be 3/((-6)/(-8) + 2/8). What is the units digit of f(b)?
8
Suppose -12 - 24 = -2*f. Suppose 4*d - 4*a + 0*a = -36, -2*d = 2*a + f. What is the tens digit of 18/12*(-330)/d?
5
Suppose -4*f - 21716 = -4*b, -3*b - 10*f + 6*f = -16301. What is the units digit of b?
1
Let v be 6/14 - ((-2015)/35 + 4). Let l = v - -11. What is the units digit of l?
5
Suppose 0*t + 7464 = 12*t. What is the units digit of t?
2
What is the units digit of (-1)/2 - 4/((-8)/347)?
3
Let y be (4 - 2) + -1 - 1. Suppose y*s = s - 74. What is the tens digit of s?
7
Let m(u) = u**3 + 8*u**2 + 5*u + 9. Let i be (-204)/15 + (-9)/(-15). Let f = 7 + i. What is the tens digit of m(f)?
5
Let i(b) = 15*b + 4. Let t(p) = -p. Let x(k) = i(k) - 4*t(k). What is the hundreds digit of x(9)?
1
Let h = -8 + 11. Let r be -4 + 3 - (-6 + 2). Suppose 0 = 3*c - h*n - 69, -50 = -5*c + r*c - 2*n. What is the units digit of c?
4
Let m = 66 - -17. What is the units digit of m?
3
Suppose -20431 = -62*u + 41073. What is the tens digit of u?
9
Suppose 4*w - 42 = w. Suppose -w*g + 18*g - 804 = 0. What is the tens digit of g?
0
Let c be 9117/63 - 5/((-105)/6). Suppose 389 + c = 3*v. What is the tens digit of v?
7
Suppose 11*a - 217 - 47 = 0. Let x = 1 + -8. Let w = x + a. What is the tens digit of w?
1
Suppose 6 = 3*i - 9. Suppose 0 = b + 5*t - 20, i*b + 3*t = -2*t + 160. What is the units digit of b?
5
Let m = -2054 - -3787. What is the tens digit of m?
3
Let u = -62 + 61. What is the tens digit of 3 - u - (-1 - 218)?
2
What is the tens digit of 56300/60 + (-1 - 6/(-9))?
3
Suppose -8 = -4*l, 0 = 2*k - 5*l + 10. Let z(q) = -3*q - 66. Let r be z(-22). Suppose r*y + 4*j + 40 = y, k = 5*j + 10. What is the tens digit of y?
3
Suppose -2*c + 805 = -353. What is the hundreds digit of c?
5
Let x(h) = h**3 - 5*h**2 + 5*h - 2. Let i be x(4). Suppose -m + i*m = 5. Suppose -2*t - 10 = -m*d + 55, -3*t = 0. What is the units digit of d?
3
Let u(c) = 334*c**2 + 12*c + 41. What is the tens digit of u(-3)?
1
Let h(q) = q**3 + 9*q**2 - 3*q + 13. Let n be h(-7). Let z = 214 - n. What is the units digit of z?
2
Suppose -i + 76 -